{"id":438,"date":"2014-01-21T07:06:44","date_gmt":"2014-01-21T07:06:44","guid":{"rendered":"http:\/\/sketchthemes.com\/samples\/invert-business-demo\/?page_id=438"},"modified":"2018-07-11T09:56:48","modified_gmt":"2018-07-11T09:56:48","slug":"tarifario-2","status":"publish","type":"page","link":"https:\/\/www.naoarranca.com\/2.0\/tarifario-2\/","title":{"rendered":"Tarif\u00e1rio"},"content":{"rendered":"<div class=\"page-container clearfix\"><div class=\"one_third\">\n\t<div class='skt_price_table'><div class='price_table_inner'><ul><li class='cell table_title'>ASSIST\u00caNCIA REMOTA<\/li><li class='prices'><div class='price_in_table'><sup class='value'>&euro;<\/sup><span class='price'>6<\/span><div class='mark'>15 MINUTOS<\/div><\/div><\/li><li class='sktprccont'>\n<\/p>\n<ul>\n<li>\n\t\tFracionado em per\u00edodos de 15 minutos\n\t<\/li>\n<li>\n\t\tOr\u00e7amenta\u00e7\u00e3o gratuita\n\t<\/li>\n<li>\n\t\tSem custos de desloca\u00e7\u00e3o\n\t<\/li>\n<\/ul>\n<p>\n\t<\/li><li class='price_button'><a class='qbutton normal' href='contactos-2\/' target='_self'>AGENDAR<\/a><\/li><\/ul><\/div><\/div>\n\t<\/div>\n\t<div class=\"one_third\"><div class='skt_price_table'><div class='price_table_inner'><ul><li class='cell table_title'>ASSIST\u00caNCIA PRESENCIAL<\/li><li class='prices'><div class='price_in_table'><sup class='value'>&euro;<\/sup><span class='price'>13<\/span><div class='mark'>30 MINUTOS<\/div><\/div><\/li><li class='sktprccont'>\n<\/p>\n<ul>\n<li>\n\t\tFraccionado em per\u00edodos de 30 minutos\n\t<\/li>\n<li>\n\t\tOr\u00e7amenta\u00e7\u00e3o gratuita\n\t<\/li>\n<li>\n\t\tDesloca\u00e7\u00e3o no concelho de Lisboa &#8211; 25\u20ac\n\t<\/li>\n<\/ul>\n<p>\n\t<\/li><li class='price_button'><a class='qbutton normal' href='contactos-2\/' target='_self'>AGENDAR<\/a><\/li><\/ul><\/div><\/div>\n\t<\/div>\n\t<div class=\"one_third last\"><span style=\"line-height: 20.7999992370605px;\"><div class='skt_price_table'><div class='price_table_inner'><ul><li class='cell table_title'>PMES<\/li><li class='prices'><div class='price_in_table'><sup class='value'>&euro;<\/sup><span class='price'>*<\/span><div class='mark'>10 MINUTOS<\/div><\/div><\/li><li class='sktprccont'><\/span>\n<\/p>\n<ul>\n<li>\n\t\tFraccionado em per\u00edodos de 10 minutos\n\t<\/li>\n<li>\n\t\tDesloca\u00e7\u00e3o &#8211; A or\u00e7amentar\n\t<\/li>\n<li>\n\t\tMonitoriza\u00e7\u00e3o Remota\n\t<\/li>\n<\/ul>\n<p>\n\t<\/li><li class='price_button'><a class='qbutton normal' href='contactos-2\/' target='_self'>*Satisfa&ccedil;a a sua curiosidade<\/a><\/li><\/ul><\/div><\/div>\n\t<\/div>\n\t<\/div>\n","protected":false},"excerpt":{"rendered":"","protected":false},"author":2,"featured_media":0,"parent":0,"menu_order":0,"comment_status":"closed","ping_status":"closed","template":"template-fullwidth.php","meta":{"_exactmetrics_skip_tracking":false,"_exactmetrics_sitenote_active":false,"_exactmetrics_sitenote_note":"","_exactmetrics_sitenote_category":0,"footnotes":""},"class_list":["post-438","page","type-page","status-publish","hentry"],"_links":{"self":[{"href":"https:\/\/www.naoarranca.com\/2.0\/wp-json\/wp\/v2\/pages\/438","targetHints":{"allow":["GET"]}}],"collection":[{"href":"https:\/\/www.naoarranca.com\/2.0\/wp-json\/wp\/v2\/pages"}],"about":[{"href":"https:\/\/www.naoarranca.com\/2.0\/wp-json\/wp\/v2\/types\/page"}],"author":[{"embeddable":true,"href":"https:\/\/www.naoarranca.com\/2.0\/wp-json\/wp\/v2\/users\/2"}],"replies":[{"embeddable":true,"href":"https:\/\/www.naoarranca.com\/2.0\/wp-json\/wp\/v2\/comments?post=438"}],"version-history":[{"count":34,"href":"https:\/\/www.naoarranca.com\/2.0\/wp-json\/wp\/v2\/pages\/438\/revisions"}],"predecessor-version":[{"id":3306,"href":"https:\/\/www.naoarranca.com\/2.0\/wp-json\/wp\/v2\/pages\/438\/revisions\/3306"}],"wp:attachment":[{"href":"https:\/\/www.naoarranca.com\/2.0\/wp-json\/wp\/v2\/media?parent=438"}],"curies":[{"name":"wp","href":"https:\/\/api.w.org\/{rel}","templated":true}]}}